-l + 6*u = 4*u - 11. List the prime factors of l.
3, 7
Let k(w) = -w + 14. Let f be k(10). Suppose 2*t - 4 = t, 4*z - f*t = 1120. List the prime factors of z.
2, 71
Let a = 165245 + -88034. What are the prime factors of a?
3, 23, 373
Suppose 4*n = 5*y + 50, 3*y = -n + 6*y + 16. Let a be (9468/n)/(30/100). What are the prime factors of (-1)/(-3) + a/36?
2, 11
Suppose 19*s + 8*s - 352 = 11*s. Let l = 1 + -1. Suppose -4*d + 110 - s = l. List the prime factors of d.
2, 11
Let z(y) = -42*y**3 - 2*y**2 + 3*y - 2. Let n be z(1). Let g = -39 - n. Suppose -3*f + g*c = -121, -5*f + 210 = 3*c - 8*c. List the prime factors of f.
47
Let c(m) = 418*m + 24. Let l be c(-6). Let p = -1614 - l. Suppose 27*d - 21*d = p. List the prime factors of d.
5, 29
Suppose -o = -8*o - 77. Let n be (-2)/(-11) + (124/o)/(-4). Suppose 4*f = -n*f + 707. List the prime factors of f.
101
Suppose t + 17 = -m, 0 = 2*m - t - 2*t + 39. Let l = -19 - m. List the prime factors of l*(1 - 5) - 588/(-3).
2, 5
Let f(z) be the first derivative of 19*z**3/3 - 11*z**2/2 - 19*z + 23. Let v(b) be the first derivative of f(b). What are the prime factors of v(3)?
103
Suppose -8509 = -5*i - 4*b - 2981, -i = -5*b - 1123. What are the prime factors of i?
2, 277
Suppose 74*p + 10 = 76*p. Suppose 0 = 2*m + p*g - 502, 4*m + 2*g = 7*g + 1034. What are the prime factors of m?
2
List the prime factors of -6 + -4 + -1 - -7327.
2, 31, 59
Suppose 3*k - k = 398. Suppose k + 115 = 2*l. List the prime factors of l.
157
Let j(r) = -271*r + 18. Let z be j(-7). Suppose -5*n + z = 5*d, 5*n - 2*d = 3*d + 1915. What are the prime factors of n?
383
Let r = 38358 + 4124. What are the prime factors of r?
2, 11, 1931
Suppose 0 = -2*g + 12*g - 40. Let l(d) = -d + 7. Let h be l(g). Suppose 0 = 2*c - 5 - 3, h*y - c = 461. What are the prime factors of y?
5, 31
Let i(k) = k**2 - k - 27. Let q be i(-5). Suppose -13 = q*r - 7*r - j, 3*j = 4*r - 25. What are the prime factors of 0 + (97 + r - 2)?
3, 11
Suppose 2*d + 4 - 1 = -5*x, -3*d + 2*x = 14. Let i(n) be the first derivative of n**3/3 - 9*n + 9. What are the prime factors of i(d)?
7
List the prime factors of 277*137 - (-28 - -3).
2, 3, 6329
Let u(d) be the second derivative of -2*d**3 + 25*d + 0 + 1/20*d**5 - d**4 - 2*d**2. List the prime factors of u(13).
3
Suppose 0 = 13*o - 4*o. Let t(l) = -2*l**2 - 2 + o - 75*l - 2*l**3 + 71*l. List the prime factors of t(-2).
2, 7
Suppose 4*c - 4*p - 228 = 0, 0 = -3*c + 8*c + 5*p - 275. Let x = 88 - c. List the prime factors of x/1 + 12/4 + -4.
31
Let j = 297 + 297. Suppose -3*z - 2*o - 1225 = 0, -4*z - o = -9*z - 2033. Let u = z + j. What are the prime factors of u?
11, 17
Let f = 31 - 49. Let l be 12/f + (-258)/(-9). Suppose 4*v - 194 = d, 0 = -v - d + 18 + l. What are the prime factors of v?
2, 3
Let v(r) = 7*r**2 - 3 + 0*r**2 - 3*r**2 + 7*r + 8. List the prime factors of v(4).
97
Suppose -m = 21 - 17. Let v(o) = -348*o - 45. List the prime factors of v(m).
3, 449
Let j = 7542 - 4922. List the prime factors of j.
2, 5, 131
Suppose -9*g = -1849 - 311. Let w = g - -498. List the prime factors of w.
2, 3, 41
Suppose r + 1941 = 4*f + 12247, -30973 = -3*r + f. List the prime factors of r.
2, 3, 1721
Let m(q) = 2021*q**2 - 325*q - 973. List the prime factors of m(-3).
18191
Let r = -39 + 46. Let p(x) = -x**3 + 11*x**2 + 14*x - 41. List the prime factors of p(r).
11, 23
Suppose -757 - 221 = 2*w. What are the prime factors of 2 + (w/12)/(1/(-4))?
3, 5, 11
Let x = 8 + -8. Let p = x + -2. What are the prime factors of (2/6)/(p/(-534))?
89
Let y(s) be the third derivative of s**5/12 - 9*s**4/4 + 8*s**3/3 - 125*s**2. List the prime factors of y(19).
3, 5, 53
Suppose -5*p + 12 - 2 = 0. Let f be 91 + (p + 0)/1. Suppose 0*y = -2*h - y + f, 2*h = 4*y + 88. List the prime factors of h.
2, 23
Suppose 5*n - 15*n = -40. Let t(g) = 37*g + 40*g - 80*g - n. What are the prime factors of t(-21)?
59
Suppose -28*g + 0 = -84. Suppose 0 = -g*u - o + 3291, 48*u - 51*u = 4*o - 3291. List the prime factors of u.
1097
Let o(w) = -w + 20. Let b be o(6). Let k be 1/((-15)/(-2150))*3. What are the prime factors of 8/28 + 1 + k/b?
2
Let p be 654 - (2 - 2)/(-5). Suppose -2*i = -4*c + p, 108*c + 2*i = 105*c + 487. What are the prime factors of c?
163
Let k(l) = -33*l - 51. Let q be k(8). Let i = 710 + q. What are the prime factors of i?
5, 79
Let b = -28 + 57. Let d(y) = 3*y**2 - 41*y + 4. Let l be d(14). Let x = l + b. What are the prime factors of x?
47
Let b be -14 - -18 - 4/(-1). Suppose 0 = 2*o + b, -3*j + 5*o = -0*j - 500. What are the prime factors of j?
2, 5
Let f(o) = 17*o + 0*o - 35 + 23*o + 2*o**2 - 7*o - 3*o. What are the prime factors of f(-20)?
3, 5, 11
Suppose -257 = -3*s - 4*a + 499, 4*a - 1012 = -4*s. Let k = s - 65. List the prime factors of k.
191
Let i = 50 + -55. Let k be i/((-36)/16 + 2). Let a = k + 36. What are the prime factors of a?
2, 7
Let d = 4 + 2. Suppose -u + d = 4*s, s - 4*s + 14 = -4*u. List the prime factors of (7 - -81) + (s - -1).
7, 13
Suppose 2*g + 5*v - 714 = 0, -16*g + 11*g = -5*v - 1750. Let w = 43 + g. List the prime factors of w.
5, 79
Suppose 0 = 8*p - 4*p - 40. Suppose p*x = 7*x + 57. Suppose 6*l = 235 - x. List the prime factors of l.
2, 3
Suppose -24*q + 15420 = -152364. Suppose -10*x = -1409 - q. What are the prime factors of x?
2, 3, 5, 7
Suppose -4*r - 26*l + 22*l = -77420, 3*l - 3 = 0. What are the prime factors of r?
2, 9677
Let l(r) = 3*r**2 - 62*r + 6. Let t be l(19). Let j = t - -87. What are the prime factors of j/3*(-7 + -44) + 3?
37
Let k = -373 + -49. Let m = k + 938. What are the prime factors of m?
2, 3, 43
Let b(l) = l**3 - 19*l**2 + 15*l - 92. Let n(y) = -3*y**2 + 38*y - 60. Let i be n(10). What are the prime factors of b(i)?
2, 19
Suppose -3*k + 39 = -3*t - 0*t, 0 = -4*k - 4*t + 12. Suppose 0 = k*r - r - 1085. List the prime factors of r.
5, 31
Suppose 22 - 16 = -2*c. Let k be c + 0 + -2 + (5 - 2). List the prime factors of (7 + -2 - 9)/(k/49).
2, 7
Suppose -3*j + 11671 = 2*b - 4114, -5*b - 10555 = -2*j. What are the prime factors of j?
3, 5, 13
Let q(b) = 1766*b**3 + 2*b**2 - 110*b + 318. List the prime factors of q(3).
2, 3, 1987
Let z = -7 - -26. Suppose -z = -14*v + 9. What are the prime factors of -49*2/(-1)*3/v?
3, 7
Let f = 25 - 3. Let v = 20 - f. What are the prime factors of 776/12*(-3)/v?
97
Suppose 4*i - 72 = -i + 3*b, 2*i + 4*b - 8 = 0. Let o be -52*(-2 + 9/i). Let u = -27 + o. List the prime factors of u.
2, 19
Let f(a) = -a**2 + 72*a - 397. Let l be f(6). List the prime factors of 12*l/(-60) + (-1309)/(-5).
2, 131
Let l(y) be the third derivative of 0 - 47/24*y**4 + 0*y - 1/2*y**3 - 3*y**2. List the prime factors of l(-2).
7, 13
Let f(q) = 59*q - 475. Let v be f(8). Let i(r) = -64*r - 17. Let b(g) = 65*g + 17. Let n(y) = -3*b(y) - 2*i(y). List the prime factors of n(v).
2, 23
Suppose 15*i = 5*i + 11480. Suppose 4*l = -20, 0 = 3*g + 4*l - 143 - i. What are the prime factors of g?
19, 23
Let g(a) = 3*a**3 + 4*a**2 + 7*a - 9. Let o be g(1). Suppose q + 729 = 4*q + o*c, -1181 = -5*q + 3*c. List the prime factors of q.
2, 7, 17
Let w = -15 + 71. Let k be 26*((-3)/(-1) + 5). Suppose o + 5*j = 146, -j + w - k = -o. What are the prime factors of o?
151
Suppose -9*g - 19 - 35 = 0. Let s(k) = k**3 + 4*k**2 - 11*k + 14. Let t be s(g). Let c(l) = 14*l - 27. List the prime factors of c(t).
5, 17
Let d = 593 - 591. Suppose 1705 + 1291 = d*v. List the prime factors of v.
2, 7, 107
Let d = 1745 + 3610. List the prime factors of d.
3, 5, 7, 17
Suppose 19*c = -l + 22*c + 3325, c = 3*l - 9959. List the prime factors of l.
3319
Let p = 25992 + -16726. What are the prime factors of p?
2, 41, 113
Let g(k) = -14*k**3 - 2*k**2 - k. Suppose 25*n - 4 = 23*n. Suppose -j - 8 = w - 4*j, 0 = -n*w - j - 2. List the prime factors of g(w).
2, 53
Suppose 28 = 6*j + j. Suppose -10*x + 24 = -j*x. Suppose -2*y = -2*q - 33 - 57, -x*q - 20 = 0. What are the prime factors of y?
2, 5
Let g be (231/28)/(3/32). Suppose -84*m = -g*m - 700. Let q = 381 + m. List the prime factors of q.
2, 103
Let i(p) = -p**3 - 5*p**2 - 17*p - 6. Let x(d) = 2*d**3 - 39*d**2 - 19*d - 26. Let w be x(20). What are the prime factors of i(w)?
2, 3, 11
Suppose 1807 = 16*c - 129. Let s be 3/9 + (-235)/3. Let o = s + c. List the prime factors of o.
43
Let